be (-2)/(-3) - (-50)/q. Suppose -u*b + 21 + 51 = 0. Calculate the remainder when 52 is divided by b.
16
Let i(z) = -4*z + 37. Calculate the remainder when 29 is divided by i(5).
12
Suppose 2*n + 165 = 5. Let p be 133*1/3*3. Let h = n + p. Calculate the remainder when h is divided by 14.
11
Let b(u) = u**3 + 6*u**2 - 4*u - 6. What is the remainder when 53 is divided by b(-6)?
17
Suppose -5*b - 134 = -2*s - 22, -112 = -2*s - 4*b. Calculate the remainder when s is divided by 19.
18
Let f(a) = -2*a - 13. Let b be f(-10). Let j be (b/(-28))/(2/(-8)). Let h = j + 3. Calculate the remainder when 11 is divided by h.
3
Let m(f) = 2*f - 7. Let b be m(8). Let d be (2 + (-24)/b)*27. Let i = -13 - d. What is the remainder when 14 is divided by i?
4
Calculate the remainder when 36 is divided by 394/30 + (-4)/30.
10
Let o be 1/(-2) - 15/(-6). Suppose 4*m + 2 = o*m, 16 = 4*z + 4*m. Suppose z*l = -2*j + 47, 0*l - l + 90 = 3*j. What is the remainder when j is divided by 16?
15
Let g(q) = 28*q**2 + q - 1. Let a be 2 + -5 + 1 + 0. Let t(h) = -6*h - 2. Calculate the remainder when g(1) is divided by t(a).
8
Let r(z) be the first derivative of -8*z**2 + z - 1. What is the remainder when r(-1) is divided by 5?
2
Let u = 49 + -39. Let v = 16 - -13. Calculate the remainder when v is divided by u.
9
Let t(g) = g - 2. Let c be t(-9). Calculate the remainder when 43 is divided by (-2)/c + 163/11.
13
Let v(u) = u**2 + 6*u - 4. Let g be v(6). Let p = -83 + 118. Calculate the remainder when p is divided by (-14)/(-21) - g/(-6).
11
Suppose -5*s - q + 57 + 197 = 0, 0 = -2*s + 2*q + 92. What is the remainder when s is divided by 17?
16
What is the remainder when 1024/9 - 2*(-6)/54 is divided by 23?
22
Let s(y) be the second derivative of -y**5/20 - y**4/4 + 2*y**3/3 + y**2/2 + 2*y. Calculate the remainder when s(-5) is divided by 11.
9
Let t(u) = -u**3 - 2*u**2 + 11*u + 3. Calculate the remainder when 88 is divided by t(-5).
19
Suppose 18 = -2*f + 46. Let k = 0 - 1. What is the remainder when f is divided by k/(-4) + (-38)/(-8)?
4
Let h = -22 + 60. Suppose 0 = -9*s + 5*s + i + 49, -3*s + i = -36. What is the remainder when h is divided by s?
12
Let p = -53 + 74. Suppose 30 = -c - 3*g + 86, c - 66 = -5*g. What is the remainder when c is divided by p?
20
Calculate the remainder when 8*(-2)/12*-30 is divided by 21.
19
Let h = 4 + 7. Calculate the remainder when h is divided by 4.
3
Let m = 13 + -11. Suppose -237 = -5*y - 2*v, y - m*y - v = -48. What is the remainder when y is divided by 12?
11
Let z be (6/(-4))/((-9)/(-24)). Let o(v) = -v - 3. Let f be o(-5). Calculate the remainder when (-2 + -80)*f/z is divided by 11.
8
Let l = -5 + 4. Let v = l + 26. Calculate the remainder when v is divided by 13.
12
Suppose 2 - 108 = -2*t. What is the remainder when t is divided by 18?
17
Let g = 160 + -47. Calculate the remainder when g is divided by 29.
26
Calculate the remainder when 267 is divided by (0 + (-15)/6)*(-13 + -5).
42
Suppose g - 2*x = 76, x + 63 = g - 12. Suppose 0 = 5*q - 3*q + 5*m - 50, g = 2*q - m. Calculate the remainder when q is divided by 18.
17
Let f = 27 - 12. Let m(o) = 4*o + 5. What is the remainder when m(6) is divided by f?
14
Let x(n) = -n**3 - n**2 + 2*n + 2. Let q be ((-1)/2)/((-2)/(-8)). Let b be x(q). Suppose -b*s - 3*s + 65 = 0. Calculate the remainder when 38 is divided by s.
12
Let l(s) = s - 1. Suppose 0 = 2*x + 3*x - 25. Calculate the remainder when x is divided by l(3).
1
Let i be 2/((-32)/17 + 2). Let f be 3 + 1 + (2 - 2). Suppose f*v - i = -m, -m + v + 16 = 6*v. What is the remainder when m is divided by 11?
10
Let j(n) = 1 - 9 - 5 - n**2 + 11*n + 2. Calculate the remainder when 24 is divided by j(8).
11
Suppose 0 = -47*w + 46*w + 32. Calculate the remainder when w is divided by 12.
8
Suppose -r - 50 = -3*j, 6*r - 92 = -4*j + r. What is the remainder when 124 is divided by j?
16
Let a be ((-2)/(-3))/((-12)/(-18)). Let j(d) = 32*d + 1. Let o be j(a). Let v = o - 23. Calculate the remainder when v is divided by 4.
2
Let m(p) = p**2 - 16*p + 17. Calculate the remainder when 50 is divided by m(16).
16
Let o = 40 - 20. Calculate the remainder when o is divided by (-3)/(-7) - (-138)/21.
6
Let c = -50 - -69. Calculate the remainder when 72 is divided by c.
15
Suppose -g - 20 = -5*g. Suppose 0 = -5*p + 2*c - c, 0 = -3*p + 5*c - 22. What is the remainder when g is divided by 6/(-1 + p + 2)?
2
Suppose -6*u = -u - 265. What is the remainder when u is divided by 14?
11
Suppose 3*r - 6 = -k, 2*r = k - 0*r - 1. Suppose 0 = 2*z + 3*b - 2 - 65, -k*z - 5*b + 98 = 0. Calculate the remainder when z is divided by 11.
8
Let a(u) = -2*u - 2. Let t = 4 - 8. What is the remainder when 9 is divided by a(t)?
3
Let z = 88 + -27. Let p = -29 + z. Suppose -15 = -4*h + 2*r + 31, 3*h - 37 = 4*r. Calculate the remainder when p is divided by h.
10
Calculate the remainder when 3 is divided by (33/22)/((-3)/(-2)).
0
Suppose -4*i + 2*x - 7*x + 28 = 0, 2*i + 8 = 3*x. Suppose 0*n - 21 = -2*n + c, i*c = -10. What is the remainder when 1*(15 - (0 + 0)) is divided by n?
7
What is the remainder when 83 is divided by (5 + 4/(-3))*(-1 + 7)?
17
Let u = 10 - 6. Suppose u + 4 = g. Calculate the remainder when 14 is divided by g.
6
Let r(g) = -g**2 + 11*g + 7. Suppose 3*a - 32 = a. What is the remainder when r(8) is divided by a?
15
Let f = 0 - -2. Suppose 3*t + o - 51 = 0, 0 = -2*t + o + 31 - f. What is the remainder when 47 is divided by t?
15
Let z = -14 + 7. Let l = z - -71. What is the remainder when l/(-6)*3/(-2) is divided by 6?
4
Calculate the remainder when 88 is divided by (-329)/(-14) + 0 + 2/(-4).
19
Let w be (-572)/20 + 2/(-5). Let p = w + 9. Let c = p + 34. Calculate the remainder when 40 is divided by c.
12
Let h(t) = t**2 - 2*t + 2. Let k be (-2)/10 - 52/(-10). Suppose 3*c - c = -2*g + 26, 0 = -c - k*g + 29. What is the remainder when h(6) is divided by c?
8
Let z = -9 + 16. Calculate the remainder when 17 is divided by z.
3
Suppose 4*c + f - 6*f = 18, 5*c + 2*f = 6. What is the remainder when 5 is divided by c?
1
Let m = 20 - 12. Suppose -2*h + 2 = -m. Let v(k) = -k**3 + 7*k**2 - 7*k + 6. What is the remainder when v(h) is divided by 11?
10
Let u = 2 - 0. Suppose -58 = -4*s + u*s. Calculate the remainder when s is divided by 8.
5
Suppose -8*l + 2*l = -252. What is the remainder when l is divided by 15?
12
Suppose 5*x - 29 = j, 0 = x - 3*j + 3 - 20. Suppose -4*k + x*k - 15 = 0. Calculate the remainder when 59 is divided by k.
14
Let n(j) = -2*j**2 - 27*j - 25. Calculate the remainder when 52 is divided by n(-11).
22
Let n = -189 + 195. What is the remainder when 11/((1 - 3)/(-2)) is divided by n?
5
Suppose 6*r - 8 = 2*r. What is the remainder when 85 is divided by 11/r*12/3?
19
Let w(r) = -14*r + 9. What is the remainder when w(-2) is divided by 27?
10
Let n = 114 - 79. What is the remainder when n is divided by 13?
9
Let o(r) = r**2 + 5*r - 8. Let b = -21 - -36. Calculate the remainder when b is divided by o(-7).
3
Let j = 3 - -3. Calculate the remainder when 16 is divided by j.
4
Suppose -4*l + 3*l - 14 = -4*x, 0 = 4*l + 8. Suppose x = -2*r + 17. What is the remainder when 26 is divided by r?
5
Let s = 63 - 39. Suppose f + s = 5*f. What is the remainder when f is divided by 3?
0
What is the remainder when 29 is divided by (-13 + 1)/((-3)/2)?
5
Let d = 536 + -185. Let x = d - 135. Suppose -5 - 105 = -2*f - 3*m, x = 4*f + 4*m. Calculate the remainder when f is divided by 18.
16
Suppose -3*n + z + 19 = 3*z, 10 = 2*z. Suppose 17 = -2*u + n. Let m = 16 + u. What is the remainder when 15 is divided by m?
6
Let p(s) = s**2 + 1. Let o(d) = 3*d**2 - d - 5. Let v(j) = o(j) + 5*p(j). Suppose -5*g = -l - 6, 3 = 2*g - 1. What is the remainder when v(1) is divided by l?
3
Let a = 29 + 2. What is the remainder when 122 is divided by a?
29
Let k(g) be the second derivative of -g**4/12 - 5*g**3/6 - 3*g**2/2 - 3*g. Calculate the remainder when 2 is divided by k(-4).
0
Let t(q) = q**2 + q + 2. What is the remainder when (6 - -45) + (1 + -5)/(-2) is divided by t(3)?
11
Let k(o) = o. Let w = 3 + -2. Suppose 3 = t - w. What is the remainder when k(6) is divided by t?
2
Let s = -16 + 21. Calculate the remainder when 12 is divided by s.
2
Let x(c) = 9*c - 1. Let o be x(4). Suppose -5*w + 20 = -o. C